{"id":3464,"date":"2026-04-30T13:49:24","date_gmt":"2026-04-30T11:49:24","guid":{"rendered":"https:\/\/paulinefaucheux.com\/?post_type=product&#038;p=3464"},"modified":"2026-05-01T08:41:51","modified_gmt":"2026-05-01T06:41:51","slug":"dans-les-champs","status":"publish","type":"product","link":"https:\/\/paulinefaucheux.com\/index.php\/produit\/dans-les-champs\/","title":{"rendered":"Dans les champs"},"content":{"rendered":"<p data-start=\"596\" data-end=\"758\">Une parenth\u00e8se de calme dans votre quotidien. Pens\u00e9e pour apaiser l\u2019esprit et adoucir votre espace, elle s\u2019int\u00e8gre parfaitement dans une d\u00e9coration douce, minimaliste ou po\u00e9tique.<\/p>\n","protected":false},"excerpt":{"rendered":"<p>Une parenth\u00e8se de calme dans votre quotidien. Pens\u00e9e pour apaiser l\u2019esprit et adoucir votre espace, elle s\u2019int\u00e8gre parfaitement dans une d\u00e9coration douce, minimaliste ou po\u00e9tique.<\/p>\n","protected":false},"featured_media":3494,"comment_status":"closed","ping_status":"closed","template":"","meta":[],"product_brand":[],"product_cat":[59],"product_tag":[],"class_list":{"0":"post-3464","1":"product","2":"type-product","3":"status-publish","4":"has-post-thumbnail","6":"product_cat-collection-pause","8":"first","9":"instock","10":"taxable","11":"shipping-taxable","12":"purchasable","13":"product-type-simple"},"_links":{"self":[{"href":"https:\/\/paulinefaucheux.com\/index.php\/wp-json\/wp\/v2\/product\/3464","targetHints":{"allow":["GET"]}}],"collection":[{"href":"https:\/\/paulinefaucheux.com\/index.php\/wp-json\/wp\/v2\/product"}],"about":[{"href":"https:\/\/paulinefaucheux.com\/index.php\/wp-json\/wp\/v2\/types\/product"}],"replies":[{"embeddable":true,"href":"https:\/\/paulinefaucheux.com\/index.php\/wp-json\/wp\/v2\/comments?post=3464"}],"version-history":[{"count":1,"href":"https:\/\/paulinefaucheux.com\/index.php\/wp-json\/wp\/v2\/product\/3464\/revisions"}],"predecessor-version":[{"id":3466,"href":"https:\/\/paulinefaucheux.com\/index.php\/wp-json\/wp\/v2\/product\/3464\/revisions\/3466"}],"wp:featuredmedia":[{"embeddable":true,"href":"https:\/\/paulinefaucheux.com\/index.php\/wp-json\/wp\/v2\/media\/3494"}],"wp:attachment":[{"href":"https:\/\/paulinefaucheux.com\/index.php\/wp-json\/wp\/v2\/media?parent=3464"}],"wp:term":[{"taxonomy":"product_brand","embeddable":true,"href":"https:\/\/paulinefaucheux.com\/index.php\/wp-json\/wp\/v2\/product_brand?post=3464"},{"taxonomy":"product_cat","embeddable":true,"href":"https:\/\/paulinefaucheux.com\/index.php\/wp-json\/wp\/v2\/product_cat?post=3464"},{"taxonomy":"product_tag","embeddable":true,"href":"https:\/\/paulinefaucheux.com\/index.php\/wp-json\/wp\/v2\/product_tag?post=3464"}],"curies":[{"name":"wp","href":"https:\/\/api.w.org\/{rel}","templated":true}]}}