{"id":3750,"date":"2026-05-01T15:37:13","date_gmt":"2026-05-01T13:37:13","guid":{"rendered":"https:\/\/paulinefaucheux.com\/?post_type=product&#038;p=3750"},"modified":"2026-05-01T15:52:30","modified_gmt":"2026-05-01T13:52:30","slug":"affiche-_-juste-avant-la-nuit","status":"publish","type":"product","link":"https:\/\/paulinefaucheux.com\/index.php\/produit\/affiche-_-juste-avant-la-nuit\/","title":{"rendered":"Affiche _ Juste avant la nuit"},"content":{"rendered":"<p>Peut \u00eatre que ton moment a toi c&rsquo;est le soir, juste avant la nuit? Viens lacher prise et te poser tranquillement.<\/p>\n<p>Imprim\u00e9e sur papier de qualit\u00e9, elle apportera une touche po\u00e9tique et apaisante \u00e0 votre int\u00e9rieur.<\/p>\n<ul>\n<li>Format : A4 (21 x 29,7 cm)<\/li>\n<li>Impression haute r\u00e9solution<\/li>\n<li>Id\u00e9ale pour un salon, une chambre ou un bureau<\/li>\n<li>Livraison soigneusement emball\u00e9e pour arriver en parfait \u00e9tat<\/li>\n<\/ul>\n","protected":false},"excerpt":{"rendered":"<p>Peut \u00eatre que ton moment a toi c&rsquo;est le soir, juste avant la nuit? Viens lacher prise et te poser tranquillement. Imprim\u00e9e sur papier de qualit\u00e9, elle apportera une touche [&hellip;]<\/p>\n","protected":false},"featured_media":3490,"comment_status":"open","ping_status":"closed","template":"elementor_theme","meta":[],"product_brand":[],"product_cat":[59],"product_tag":[],"class_list":{"0":"post-3750","1":"product","2":"type-product","3":"status-publish","4":"has-post-thumbnail","6":"product_cat-collection-pause","8":"first","9":"instock","10":"shipping-taxable","11":"product-type-simple"},"_links":{"self":[{"href":"https:\/\/paulinefaucheux.com\/index.php\/wp-json\/wp\/v2\/product\/3750","targetHints":{"allow":["GET"]}}],"collection":[{"href":"https:\/\/paulinefaucheux.com\/index.php\/wp-json\/wp\/v2\/product"}],"about":[{"href":"https:\/\/paulinefaucheux.com\/index.php\/wp-json\/wp\/v2\/types\/product"}],"replies":[{"embeddable":true,"href":"https:\/\/paulinefaucheux.com\/index.php\/wp-json\/wp\/v2\/comments?post=3750"}],"version-history":[{"count":1,"href":"https:\/\/paulinefaucheux.com\/index.php\/wp-json\/wp\/v2\/product\/3750\/revisions"}],"predecessor-version":[{"id":3751,"href":"https:\/\/paulinefaucheux.com\/index.php\/wp-json\/wp\/v2\/product\/3750\/revisions\/3751"}],"wp:featuredmedia":[{"embeddable":true,"href":"https:\/\/paulinefaucheux.com\/index.php\/wp-json\/wp\/v2\/media\/3490"}],"wp:attachment":[{"href":"https:\/\/paulinefaucheux.com\/index.php\/wp-json\/wp\/v2\/media?parent=3750"}],"wp:term":[{"taxonomy":"product_brand","embeddable":true,"href":"https:\/\/paulinefaucheux.com\/index.php\/wp-json\/wp\/v2\/product_brand?post=3750"},{"taxonomy":"product_cat","embeddable":true,"href":"https:\/\/paulinefaucheux.com\/index.php\/wp-json\/wp\/v2\/product_cat?post=3750"},{"taxonomy":"product_tag","embeddable":true,"href":"https:\/\/paulinefaucheux.com\/index.php\/wp-json\/wp\/v2\/product_tag?post=3750"}],"curies":[{"name":"wp","href":"https:\/\/api.w.org\/{rel}","templated":true}]}}